 = -b - 4. Let d(q) = -2*q. Let l be d(3). Let u be k(l). Suppose -4*n = -u*x - 64, -5*x + 0 = 5*n - 50. What are the prime factors of n?
2, 7
Suppose -11*o + 14*o - 126 = 0. What are the prime factors of o?
2, 3, 7
Let m(l) = -l**2 + 2*l + 2. Let r(i) = i**2 - i - 2. Let c(y) = 4*m(y) + 3*r(y). List the prime factors of c(5).
2
Suppose 27 = 2*d - 5*j - 12, 3*j + 29 = 2*d. List the prime factors of d.
7
Let n = -151 + 313. What are the prime factors of n?
2, 3
Let m(y) = 3*y**2 - 3*y + 2. Let v(t) = -t**2 - t - 1. Let o(r) = m(r) + 2*v(r). Let z be o(6). List the prime factors of z/4*(-8)/(-6).
2
Suppose -3*b = -4*f + 28, 26 = -b - b - f. What are the prime factors of ((-8)/b)/(2/108)?
2, 3
Let y(n) = -9*n**3 + 3*n**2 + 7*n. Let b(s) = -14*s**3 + 5*s**2 + 11*s. Let p(k) = 5*b(k) - 8*y(k). What are the prime factors of p(1)?
2
Let i(q) = 8*q. Let u be i(3). Suppose u = -b + 4*b. What are the prime factors of b?
2
Let r(g) = -2*g. Let t be r(-1). Suppose 2*i - 4 = -0*i, 4*i = 2*a - 10. Let z = t + a. What are the prime factors of z?
11
Let r = 54 + -21. What are the prime factors of r?
3, 11
Let o = 499 + -139. What are the prime factors of o?
2, 3, 5
Suppose 213 = 4*o - 383. List the prime factors of o.
149
Suppose 4*r - 240 = 2*g - 3*g, -5*g + 1143 = r. List the prime factors of g.
2, 3, 19
Let s = -1 - -2. Let z(r) = -7*r - 5. Let x(t) = -4*t - 2. Let q(k) = -7*x(k) + 3*z(k). List the prime factors of q(s).
2, 3
What are the prime factors of (4/12)/(2/444)?
2, 37
Suppose 17*r + 32 = 18*r. List the prime factors of r.
2
Suppose -4*n = 3*c - 81, -n + 6*c = 2*c - 25. List the prime factors of n.
3, 7
Suppose -50 = -4*i + 310. Suppose 5*o + 0*o - i = 0. What are the prime factors of o?
2, 3
Let z be 6*(-3)/(18/(-4)). Let c be (2/(-4))/(z/(-8)). Let n(m) = 4*m**3 + m**2. List the prime factors of n(c).
5
Let o(h) = 4 + h**2 - 4*h**2 + 3*h**3 - 2. List the prime factors of o(2).
2, 7
Suppose 0 = -2*g + 2 + 6. Suppose 2*q - g*q = -48. List the prime factors of q.
2, 3
Let x be (-10 - -2)*(-3)/2. Suppose 4*q - x = -3*i - q, 3*q - 9 = 0. List the prime factors of -3*(-4 - i/(-1)).
3, 5
Let x = -55 - -87. Let z = x - 12. What are the prime factors of z?
2, 5
What are the prime factors of (20 - 4)/(-4) - -64?
2, 3, 5
Suppose -4*o = -0*c + c - 25, 3*c = 2*o + 5. Suppose 0 = -2*s + 21 + c. List the prime factors of s.
13
Suppose 0 = -2*q + 90 - 12. List the prime factors of q.
3, 13
Let h = -30 - -70. What are the prime factors of h?
2, 5
Let w(g) = -2*g - 13. Let p(x) = -x**3 + 5*x**2 + 3*x + 8. Let i be p(6). What are the prime factors of w(i)?
7
Let m = 3 + 3. Let p be (-7)/m + 5/30. Let c = 3 - p. List the prime factors of c.
2
Let g(v) = -2*v + 1. Let c be g(-4). Suppose 0 = 3*k - 60 + c. List the prime factors of k.
17
Let z(a) = a**2 + 2*a - 9. Let r be z(4). Let q = 54 - r. List the prime factors of q.
3, 13
Let m(z) = -33*z**3 - z - 1. What are the prime factors of m(-1)?
3, 11
Let p = 17 + -5. Suppose -5 = 3*t - 122. What are the prime factors of 8*(t/p + -2)?
2, 5
Let s(d) be the third derivative of -4*d**2 + 2/3*d**3 + 0*d + 1/10*d**5 + 0 - 1/120*d**6 - 1/4*d**4. List the prime factors of s(4).
2, 3
Suppose 19 = n + 4*f, -5*n + 175 = -2*f + 6*f. What are the prime factors of n?
3, 13
List the prime factors of -4 - (4 - 8 - 164).
2, 41
Let y = 87 - -2. What are the prime factors of y?
89
Let o(z) = -59*z - 2. Let c(a) = -29*a - 1. Let f(w) = 13*c(w) - 6*o(w). Let b be f(-2). Suppose -4*g + b = g. List the prime factors of g.
3
Let o(f) = 2*f**2 - 2*f - 8. List the prime factors of o(6).
2, 13
Suppose -2*s = -3*s + 8. Suppose s = 4*q - 0. What are the prime factors of 14/(-21)*(-9)/q?
3
Let m(b) = 52*b**3 + 1. Let z be m(-1). Let w = -11 - z. List the prime factors of w.
2, 5
Suppose -3*l - 4*x = -290, -l - 2*l = x - 293. List the prime factors of l.
2, 7
Let m = 33 + -21. What are the prime factors of m?
2, 3
Suppose 3*p = -p - 24. Let t = p + 8. Suppose -t*w + 42 = w. What are the prime factors of w?
2, 7
Suppose 7*t - 2*t + 25 = 0. Let a(u) = u**2 + u + 4. Let n be a(t). Let r = -11 + n. What are the prime factors of r?
13
Let u be 9/(-3) - (-3 + -67). Let h = u + -48. List the prime factors of h.
19
Suppose -5*c + 0*c + 3*s - 96 = 0, 114 = -5*c - 3*s. Let j = -17 - c. What are the prime factors of j?
2
Let k(i) = -2*i**2 + 6*i + 2. Let b be k(5). Let d be 9*1*(-6)/b. Suppose 22 = -2*g + d*g + 5*y, 10 = 3*g + y. What are the prime factors of g?
2
Let o(a) = 2*a**2 + a - 2. Let n(b) = b**2 - 7*b - 10. Let x be n(8). Let d be o(x). Suppose 5*c + j = 3*j + 58, -d*j - 26 = -c. List the prime factors of c.
2, 5
Suppose 4*p = 5*l - 175, 176 = 5*l + 2*p + 31. What are the prime factors of l?
31
Let z = 316 - 170. What are the prime factors of z?
2, 73
Let o(c) = -2*c**3 + 16*c**2 - 14*c - 1. What are the prime factors of o(6)?
59
Let d(r) = 5*r**2 + 2*r - 1. Let j be d(4). Suppose j - 27 = 5*p. Suppose i = 2*i - p. List the prime factors of i.
2, 3
Suppose 199 + 106 = 5*z. What are the prime factors of z?
61
Suppose -7*d + 284 + 101 = 0. List the prime factors of d.
5, 11
Let u(i) = i**3 - 9*i**2 - 8*i - 2. Suppose -4*k = -2*k - 6. Let g = k + 7. List the prime factors of u(g).
2, 3
Let s be (1 - 1)/(-7 - -5). List the prime factors of ((s - 2) + 0)*-8.
2
Let r(u) = 54*u**2 + 3*u + 2. What are the prime factors of r(-1)?
53
Let j(h) = -h - h**3 - h + h - 5*h**2. List the prime factors of j(-5).
5
Let y(q) be the first derivative of 14*q**3/3 + q + 1. Suppose 4*x - 4 = -0*x. List the prime factors of y(x).
3, 5
Let p be (9/6)/((-3)/(-4)). Suppose -6*u - p*b + 48 = -3*u, 5*u = -3*b + 80. What are the prime factors of u?
2
Let v = -236 - -422. What are the prime factors of v?
2, 3, 31
Let a(w) = w**2 - w - 15. Let q be a(0). List the prime factors of (-2)/(-5) + (-159)/q.
11
Let z be 42/(-4)*8/(-3). Suppose 0 = j - z - 5. Let s = 52 - j. What are the prime factors of s?
19
Suppose 6 = -5*q - p + 21, p + 9 = q. Suppose 0*d + 40 = -4*d + 4*l, q*d - 3*l = -38. What are the prime factors of (12/d)/(3/(-16))?
2
Let p(s) = s**3 - 6*s**2 + s - 1. Let n(x) = x**2 + 2*x. Let i be n(-3). Suppose 0 = 2*r + i*t - 8 - 4, 5*r + 2*t = 30. List the prime factors of p(r).
5
Let q = 78 - -59. List the prime factors of q.
137
What are the prime factors of (-705)/(-3) + (4 + -4)/5?
5, 47
Let q(h) = -h - 3. Let s be q(4). Let k(t) = t**2 + 6*t + 1. List the prime factors of k(s).
2
Let y = 6 - -24. List the prime factors of y.
2, 3, 5
Let j(r) = -2*r + 1. Let s be j(-1). Suppose -s*u = i - 2, 3*u - u = -i. What are the prime factors of (25/2)/5*u?
5
Let m be (-4)/(-3)*(-9)/2. Let q(z) be the second derivative of -z**5/20 - 7*z**4/12 - 4*z**3/3 + 3*z**2/2 + z. What are the prime factors of q(m)?
3, 5
Let d be (-2 - -58)*(-1)/(-2). Suppose -y + d = 3*k, -7*k + 2*k = -4*y - 41. What are the prime factors of k?
3
Suppose 18*n - 3344 = -n. List the prime factors of n.
2, 11
Suppose -3*j - 2*l + 6 = 0, 3*j + 0*j = -5*l - 3. List the prime factors of j.
2
Let k(w) = 3*w**2 - 2*w + 1. Let q be k(1). Let n(g) = g + 2. Let d be n(q). Suppose -4*j = 2*b - 48 + 12, -d*b - 3*j + 52 = 0. List the prime factors of b.
2, 5
Suppose 10*t - 9*t - 4*z - 2 = 0, 3*t = 2*z + 36. List the prime factors of t.
2, 7
Let l = 337 + -198. What are the prime factors of l?
139
Let r = 1115 - 708. List the prime factors of r.
11, 37
Let r = -14 - -72. Let v = r - 33. Suppose 0 = 5*f - h - 53, -4*f = -8*f - 5*h + v. List the prime factors of f.
2, 5
Let h = -89 - -148. What are the prime factors of h?
59
Suppose 2*q - 7 = 1. Suppose -3*m + 12 = c, q*m = c + c + 16. Suppose -5 = b - 4*k, 2*k - 3*k = -m. What are the prime factors of b?
11
Let k = -19 + 28. Suppose 7*u = 4*u + k. List the prime factors of u.
3
What are the prime factors of ((-15)/5 - 14)*-3?
3, 17
Suppose 0 = -2*z - m + 2, -4*z + 3*m + 0*m = 6. Suppose 5*x - 20 = 4*x + 3*u, -4*x + 3*u + 62 = z. List the prime factors of x.
2, 7
Suppose -30 = -2*p - 0*p. Let z = p + -11. What are the prime factors of z?
2
Let x = 15 - 7. Suppose -b - x*f = -3*f - 45, -f + 3 = 0. What are the prime factors of b?
2, 3, 5
Let y = 55 - 49. What are the prime factors of y?
2, 3
Let w(c) = 47*c + 3. What are the prime factors of w(2)?
97
Let l be 3/(-5) - (-96